 n(v) = -16*v + 6. Let a(k) = 6*n(k) + 7*o(k). Determine a(1).
17
Let v(x) be the third derivative of x**6/120 + x**5/15 + 97*x**2 + 2*x. Let k(f) be the first derivative of f**2 - 1. Let l be k(-1). Give v(l).
8
Let g = 6 - 3. Let s(j) = 4*j - 3*j + 1 - 2*j. Give s(g).
-2
Let w(z) = z**3 + z**2 + z - 11. Let q(u) = 6*u**3 + 5*u**2 + 6*u - 55. Let k(c) = -2*q(c) + 11*w(c). Calculate k(0).
-11
Let y(x) = -x**2 + 1. Let z(w) = w**3 + 7*w**2 - 4*w - 8. Let a(l) = -4*y(l) - z(l). Calculate a(-4).
4
Let b(d) = -2*d**3 - d**2 + 1. Let c(f) = f**3 + 2*f**2 - f. Let w be c(-2). Suppose -4*y - w*a + 5 = 3, a = -y. Determine b(y).
-2
Let l(k) be the second derivative of -k**5/20 + 5*k**4/12 + 2*k**3/3 + 7*k**2/2 - 5*k. Calculate l(6).
-5
Let p(t) = 41*t + 10 + t**2 - 41*t. Give p(0).
10
Suppose 6 = 6*w - 3*w. Let d(g) = 0*g**2 - w + 0 + g**2 - g. Give d(0).
-2
Let t be (-408)/(-52) + (-4)/(-26). Let a(g) be the second derivative of g**4/12 - 4*g**3/3 + g**2/2 - 7*g. Calculate a(t).
1
Let c(q) = q**3 + 3*q**2 - 5*q - 1. Suppose 3*i + 7*j - 5*j + 8 = 0, -4*j - 4 = 3*i. Calculate c(i).
3
Let n(x) = -x + 4. Let p be n(4). Let g(m) = -m**3 - 664*m - 2 + 2*m**3 + 663*m. Give g(p).
-2
Let s(b) = -7*b**3 - 7*b**2 - 11*b - 5. Let w(t) = t**3 + t + 1. Suppose 0 = -5*v + 9*v + 4. Let a(j) = v*s(j) - 6*w(j). Determine a(-6).
5
Let v(p) = -p**2 - 4*p + 6. Suppose 5*a + 11 = -9. What is v(a)?
6
Suppose 5*u - 35 = -2*k, 3*u + 8*k - 4*k - 21 = 0. Let f(z) = -z**2 + 4*z + 9. Calculate f(u).
-12
Let i(k) = -k**2 + 6*k - 7. Let m(l) = -l**3 - 6*l**2 - 9*l + 2. Let x be m(-4). What is i(x)?
-7
Let h = -88 - -151. Let n(z) = -67 + 3*z + h - 5*z. What is n(-3)?
2
Suppose -4*z + 4*v = -8, 4*z - v = -2 + 10. Let u(o) = o**2 - 5*o - 7. Let a(n) = 2*n**2 - 9*n - 13. Let t(d) = 6*a(d) - 11*u(d). Give t(z).
5
Let h(q) be the second derivative of -q**4/4 + q**3/2 - q**2/2 + 5*q. Let c(n) be the first derivative of h(n). What is c(2)?
-9
Let l(y) = y + 1. Let m(j) = j**2 - 5*j. Let i(v) = 2*l(v) + m(v). Suppose -n = 3*f - 1, 3*n - 6 = -4*f + 2. Determine i(n).
6
Let p(x) = 14 - 11 - 6*x - 4 + 5*x. Let g = 14 + -20. Give p(g).
5
Let x(j) = 3*j**2 + 3. Let n(a) = a**2 - 1. Let u(c) = -4*n(c) - x(c). Determine u(-1).
-6
Let m(o) = 59*o**2 - 60*o**2 + 3 + 5*o - 2*o. Determine m(3).
3
Suppose 4*l - 2*n - 1 - 17 = 0, 0 = -5*n - 5. Let w(v) be the third derivative of v**4/24 + v**3/6 - 15*v**2. Give w(l).
5
Let v(x) = -x**2 + 8*x - 3. Let h be v(8). Let f = 5 + h. Let s(n) be the first derivative of n**4/4 - n**3/3 - n**2/2 + 1. What is s(f)?
2
Let v(b) = -6*b**3 + 0*b**3 + 0*b**3 - b**3. Determine v(-1).
7
Let y(g) = 2 + 4 - 3 - g. Let r(f) = -f - 2*f**2 + 0*f**2 + 3*f**2. Let z be r(1). What is y(z)?
3
Suppose -1 = 3*r + 4*q - 3, -5*r - 2*q + 8 = 0. Let g(l) be the third derivative of 0*l**3 + 0 - l**r + 0*l + 7/24*l**4. Calculate g(1).
7
Suppose -18 = -2*a - 5*m, 5*m = -3*a - a + 16. Let u(h) = 2*h - h + 1 + h + 2*h. Calculate u(a).
-3
Let m(y) = y**3 + 6*y**2 + 6*y + 1. Let r(d) = d**3 + 8*d**2 + 5*d - 7. Let i be r(-7). Let p = -4 + i. Let g be p + -1*(-3 + 11). Give m(g).
-4
Let o(t) = t - 1. Let a(z) = -z**3 - 7*z**2 - 5*z - 10. Let m(x) = -a(x) + 3*o(x). Let j = 2 + -8. Calculate m(j).
-5
Suppose -2*k - 4 - 12 = -2*z, 0 = 3*z + 3*k - 54. Suppose 2*j + z = 3. Let d(g) = -g**3 - 6*g**2 - 7*g - 2. What is d(j)?
8
Suppose 2*n + z = 5, 3*z + 25 = 3*n - n. Let q(a) = a + 18*a**2 - 4*a - 4 - 16*a**2. Let y(d) = 3*d**2 - 4*d - 5. Let l(i) = n*q(i) - 4*y(i). What is l(1)?
-1
Let i be 4/30 - 8/60. Let n(l) = -l - 6. What is n(i)?
-6
Let c(p) = p + 5 + 1 + p - 4. Calculate c(3).
8
Let b(q) be the third derivative of -q**4/24 - 2*q**3 + 3*q**2. Give b(-5).
-7
Let q(h) = -h + 6. Let f(z) = -7*z + 2*z**2 + 7*z - z**2 + z. Let n be f(-3). Suppose l = n*l. Determine q(l).
6
Let x(b) = -b**2 + 5*b + 1. Let o be x(5). Let h(n) be the third derivative of -n**6/60 - n**5/60 + n**3/6 + 10*n**2. Give h(o).
-2
Suppose 35 + 7 = -6*c. Let l(k) = -k**2 - 5*k - 2. Calculate l(c).
-16
Let c(r) be the second derivative of -r**6/240 - r**5/60 + r**4/6 - r. Let y(s) be the third derivative of c(s). Let o be 221/(-68) + (-3)/4. Give y(o).
10
Let s = 8 + -6. Let k(l) = -6*l**2 + 4 + 9*l**2 - 6 - 2*l**3 + l. Calculate k(s).
-4
Let j(k) = 8*k**2 - 9*k**2 + 2 - k + 4*k. Give j(3).
2
Let t(j) = -19 - j**2 + 0*j**2 + j + 23. Determine t(3).
-2
Let l(q) = -q**3 - 5*q**2 + 6*q + 2. Let z be l(-6). Let b = z - 3. Let p(x) = 3*x. Calculate p(b).
-3
Let f = 2 + 0. Let z(s) = s**3 + 3 + 4*s**2 + 3*s**2 - 4*s**2 - 4*s - 4*s**f. Determine z(3).
9
Let a(i) be the third derivative of -i**6/120 - i**5/10 - i**4/4 - 7*i**3/6 + 14*i**2. Give a(-5).
-2
Let a(j) = j**3 - 7*j**2 + 8*j + 3. Let l(q) = -3*q**3 + 15*q**2 - 17*q - 7. Let n(d) = -5*a(d) - 2*l(d). Determine n(-6).
-1
Let k(i) = 6*i + 1. Let j = -5 - -5. Suppose j = f - d, 8 = 2*f + 3*f - 3*d. Let q be f/16 + 10/(-8). What is k(q)?
-5
Let d(b) = b**3 - 12*b**2 + 10*b + 11. Let p be d(11). Suppose p = -l + 1 - 6. Let y(k) = -k**3 - 5*k**2 - 4*k - 7. What is y(l)?
13
Let t(d) = -1 + 1 + 3*d - d. What is t(1)?
2
Let f(m) be the first derivative of 5*m**4/4 - m**2 + m + 9. Give f(1).
4
Let j be 0/(-1) - (-2)/(-1). Let t(n) = -1 + n + 3 + 1. Calculate t(j).
1
Let r(k) = 2*k - 1. Let u(n) = -13*n - 2. Let i(w) = 6*r(w) + u(w). Determine i(-6).
-2
Let c = 211 + -212. Let z(j) = -1 + 0*j - 3*j + 2*j. What is z(c)?
0
Let w = -10 + 12. Suppose -o - w + 8 = 0. Let d(l) = -l + 3. Determine d(o).
-3
Let l = -31 + 33. Let m(y) = -y**2 + y + 1. Give m(l).
-1
Suppose -16 = -21*y + 17*y. Let g(f) = -3*f**2 + 5*f**3 - 4 - 3*f**3 + 2*f + 0 - y*f**3. Calculate g(-3).
17
Let q(i) = i**2 + 5*i - 3. Let h = 3 + -1. Suppose 2*z = -2*r + 16, 0*r - r + h*z = -23. Suppose 1 = 3*n + r. Determine q(n).
-7
Let s(b) = b**2 + 4*b. Let d be s(-4). Let x(f) = 4 + 1 + 0 + f. Give x(d).
5
Let c(u) = u**2 - 7*u - 1. Let o(v) = 3*v - 11. Let a(s) = 8*s - 34. Let y(z) = -4*a(z) + 11*o(z). Let h be y(-8). Determine c(h).
-1
Let q(o) = -4*o + 3. Let c = -26 + 28. Calculate q(c).
-5
Let z(y) = 2*y**3 - 2*y. Let m be z(2). Let k = 1 - m. Let g = k + 17. Let f(l) = -l**3 + 7*l**2 - 6*l - 7. What is f(g)?
-7
Let c(a) = -4*a**2 + a. Suppose 3*n - 24 = -4*l - 9, 3*n - 15 = 5*l. Suppose -4*t = l, -3*h + 3 = 2*t - 3*t. What is c(h)?
-3
Let n(v) = 2*v**3 + v**2 + v - 1. Suppose 7 = 5*k + 2. Determine n(k).
3
Let n(g) = 8*g - 1. Let x be 30/50 - 24/(-10). Calculate n(x).
23
Let p = -44 + 42. Let w(f) = f**3 + f + 1. What is w(p)?
-9
Let h(d) = -d**3 - 2*d**2 + d - 4. Let r(v) = 8*v**2 + 11*v**2 + 13*v + 3 - 3*v**2 - 3*v**2 + v**3. Let q be r(-12). Let g be ((-15)/9 - -2)*q. Determine h(g).
2
Suppose -2*m = -0*m - 2*x + 2, 5*m = -x + 13. Let n(u) be the third derivative of u**5/30 - u**4/12 - u**3/6 + 13*u**2. Determine n(m).
3
Let j(c) = 0*c**3 - 772 + c + c**3 + 4*c**2 + 777 - 4*c. What is j(-4)?
17
Let s = -16 - 0. Let w = s + 12. Let h(v) = -v**2 - 3*v. Calculate h(w).
-4
Let v(h) = h - 10. Let m = -19 - -27. Let k be v(m). Let p(q) be the third derivative of q**5/60 + q**4/12 + q**3/6 + 2*q**2. Give p(k).
1
Let y(c) = -c + 1. Let m(o) = 3*o. Let l(d) = -m(d) + y(d). Let b(p) = -p**2 + 3*p + 5. Let k be b(4). What is l(k)?
-3
Let h(l) = -4*l - 5 + 3 + l**2 + 3*l. Let n(i) = 2*i**2 - 2*i - 3. Let d(b) = 8*h(b) - 5*n(b). Give d(2).
-5
Let u(x) = -x**2 - x. Let y(p) be the second derivative of p**4/4 - 2*p**3/3 + p**2/2 - 5*p. Let b(o) = 2*u(o) + y(o). What is b(4)?
-7
Let x(k) = -2*k + 7. Let g(m) = -m + 4. Let r(v) = -5*g(v) + 3*x(v). Let j(d) = d**2 + 2*d - 4. Let u(w) = j(w) - 3*r(w). Give u(-5).
-7
Let h(i) be the third derivative of i**5/60 + i**4/6 - i**3/6 + 9*i**2. What is h(-5)?
4
Let k(i) be the first derivative of -1 + 0*i + 1/3*i**3 + 5/2*i**2. Determine k(-5).
0
Let n(x) = x**3 - 4*x**2 - 5*x - 6. Let w(z) be the second derivative of z**5/10 - z**4/4 - 2*z**3/3 - 7*z**2/2 - 5*z. Let h(u) = -3*n(u) + 2*w(u). Give h(-4).
8
Let w = -6 - -4. Let h be ((-8)/(-6) + w)*-3. Let q(b) be the first derivative of -b**3/3 - b**2/2 - b + 1. Determine q(h).
-7
Let f(b) be the third derivative of -b**6/120 + b**5/12 + 5*b**3/6 - 20*b**2. What is f(5)?
5
Let m be (-2 - -3)/1 - -3. Suppose -m*o = 12 + 4, 1 = 3*z - o. Let k(